3)/21). Let i be -3 - (-12 + -3 - m). Let d(x) = -x**2 + 10*x + 12. Calculate d(i).
12
Let v(s) be the first derivative of -s**2/2 + 2*s + 13. Let m be (3*8)/(-7 - -6). Let d = m - -18. Calculate v(d).
8
Let x(g) = -23*g + 4. Let u(v) = -11*v + 2. Let l(r) = -13*u(r) + 6*x(r). Suppose 190 = -2*i - 60. Let b = -122 - i. What is l(b)?
13
Let t be 46/7 + (-44)/77. Let b be 316/(-88)*-2 - t/33. Let y(x) = x. Let l(a) = 4*a - 10. Let h(c) = l(c) - 5*y(c). Give h(b).
-17
Let s(m) be the first derivative of m**5/40 - 11*m**4/24 + 11*m**3/3 - 44. Let j(n) be the third derivative of s(n). What is j(11)?
22
Suppose -2 = 2*t - 6. Let x(u) = 40*u + 2 + u**t + 2 - 44*u. Let y(s) = -s**3 - 6*s**2 + 5*s - 10. Let j be y(-7). What is x(j)?
4
Let o(h) = -h**2 + 2*h + 2. Let z be 1/((-2)/(-3))*(-14)/3. Let s be -2*(3 + z)/1. Suppose -3*k + 4*k - 5*l - 19 = 0, 4*l + s = -k. Determine o(k).
-6
Let j(u) = -16 - u**2 + 0*u - 10 - 2*u + u**3 + 41 - 2*u**3. Determine j(0).
15
Let l(j) = 3*j**2 + 145*j + 1751. Let r be l(-23). Let a(q) = -q. Let m be a(-3). Let d(h) = 1 - m*h - h + 3*h + h**2 - h. Give d(r).
4
Let p(d) = -d**2 - d - 2. Let k(f) = 7*f**2 - 4*f - 5. Let q = 96 + -99. Let l(s) = q*p(s) + k(s). Let n(v) = -v - 1. Let t be n(-2). Give l(t).
10
Let w(t) = -4*t - 24. Let z(r) = 10*r + 83. Let y(v) = 7*w(v) + 2*z(v). Determine y(2).
-18
Suppose -41*g = -43*g + 82. Let l = 40 - g. Let o be (-5)/(-2) - l - (-2)/(-4). Let r(s) = -2*s + 4. Give r(o).
-2
Let a = 36 + -33. Let g(p) = -p**2 - 50*p - 3*p**2 - p**a + 48*p. What is g(-3)?
-3
Let b(a) = 1 - 26*a - 2 + 31*a + a**2. Suppose -2*p + 0 = 8. Calculate b(p).
-5
Let t(a) = 6*a + 47. Suppose 4*z + 5*r + 6 = 0, -75 = 5*z + 39*r - 44*r. Calculate t(z).
-7
Let f be (-9)/(-2)*(-24)/(-18). Suppose -f*a = -1 - 11. Let b(y) = -28*y**2 - a - 8*y + 4 + 27*y**2. What is b(-4)?
18
Let y(l) be the first derivative of 5*l**2/2 + 10*l + 3414. Calculate y(-6).
-20
Let m(o) = 2*o - 15. Let q(g) = -6*g + 3*g - 675 + 592. Let l be q(-30). What is m(l)?
-1
Let j(q) be the third derivative of -1/24*q**4 + 0 + 1/60*q**5 + 0*q + 1/2*q**3 + 1/120*q**6 + 198*q**2. Suppose -3*l = -6*l. Give j(l).
3
Let y(g) = 0*g**3 - 840*g + 4*g**2 + 835*g + g**3 + 2 - 2*g**3. Let u = -303 + 307. What is y(u)?
-18
Let h(c) = -4*c**2 - c - 1. Let g(w) be the second derivative of -w**4/4 - w**3/6 - w**2/2 + 6*w. Let r = -50 - -54. Let d(a) = r*h(a) - 5*g(a). What is d(-1)?
-1
Suppose 0 = -32*k + 40*k - 48. Suppose 6*t - 8 = 5*t. Let c = t - k. Let z(y) = y**3 - 3*y**2 - 2*y + 1. Give z(c).
-7
Let t(u) be the first derivative of -u**3/3 + 3*u**2/2 - 5*u - 193. Calculate t(0).
-5
Let i(m) = m**3 + 16*m**2 + 16*m + 26. Suppose -1215 = -23*b + 104*b. Give i(b).
11
Let d(f) = -2*f**2 - 33*f + 138. Suppose 29*s = -468 - 112. Calculate d(s).
-2
Let a be (-138)/12 - ((-290)/(-20) + -15). Let i(t) = -t**2 - 12*t - 14. Determine i(a).
-3
Suppose 168*i - 174*i + 3198 = 0. Let l = -521 + i. Let r(k) = k - 6. Determine r(l).
6
Let o be 8 + 5 + 2 + -7. Let x(q) = -q**2 + 15*q - 11. What is x(o)?
45
Let t(r) = -r - 3 + 456*r**2 - 195*r**2 - 263*r**2. Suppose -3*y + 4*v + 5 = 0, v = -0*y - y + 4. What is t(y)?
-24
Let s(w) = 2*w - 7. Let m be s(5). Let z(v) = 11*v**2 - 6*v + 4. Let d(u) = 5*u**2 - 3*u + 2. Let j(k) = m*z(k) - 7*d(k). What is j(2)?
-4
Let s(j) = -j**3 - 19*j**2 + 25*j + 44. Suppose 0 = -25*a + 20*a - 4*h - 68, -h + 48 = -2*a. What is s(a)?
-56
Let a(d) be the third derivative of 5*d**2 - 1/30*d**5 - 1/12*d**4 + 1/6*d**3 + 0 + 2*d. Suppose -3*b - 6 = -0, 3 = -5*n - 4*b. Determine a(n).
-3
Let d(g) = g**3 + 5*g**2 + 4*g - 8. Let z be d(-4). Let p(j) = -2*j - 14. Let b be p(z). Let m(w) = w**3 + w - 1 + 6*w - 4*w - 3*w**b. Give m(2).
1
Suppose 4*c + 5*o - 71 = 0, -c + 2*o + 106 = 3*c. Suppose -10*z + 56 = -c*z. Let g(v) = v**2 + 5*v + 2. Determine g(z).
-2
Let w(r) = 27*r - 5. Let v be 2 + 3 - (6 + -7 + 6). Let g be w(v). Let b(j) = j**3 + 4*j**2 - 5*j - 6. Give b(g).
-6
Let k(q) = -4*q**3 - 278*q**2 + 140*q - 13. Let f be k(-70). Let t(s) = -s**3 - 14*s**2 - 14*s - 1. Determine t(f).
12
Suppose -4*q + 4 + 12 = 0. Suppose 4*u + 2*g = -q, 3*u + g - 1 = -4. Let p(f) = 91*f + 672. Let o(t) = -9*t - 64. Let r(c) = 21*o(c) + 2*p(c). What is r(u)?
7
Let f(w) = w - 98*w**2 + 46*w**2 + 49*w**2. Let i(v) = v**2 + v - 1. Let u(n) = f(n) + 2*i(n). Let c(q) = q**2 - 4*q - 3. Let p be c(5). Determine u(p).
0
Let n = -699 - -761. Let r be (6/(-4))/(2/(-76)). Suppose -x - r = -n. Let g(f) = 2*f + 1. Determine g(x).
11
Let s(n) = -n**2 - 5*n + 2. Suppose 13 = 5*r - 12. Suppose -6 = -r*w - 3*p + 34, p = 2*w - 5. Suppose f + 23 = -4*a, -w*a = 2*f + f + 34. What is s(a)?
2
Let a(z) = -106*z - 1361. Let k be a(-13). Let m(t) be the second derivative of 3/2*t**2 + 1/6*t**3 + 0 - k*t. Give m(8).
11
Let k(b) = 2*b - 1. Let o = -392 + 392. Let v be o + 1 - 5*(-6)/10. Give k(v).
7
Suppose -72*k - 20 = -76*k. Suppose k*s + v + 8 = 0, -s = -3*s - 5*v + 6. Let b(a) = a. Determine b(s).
-2
Let s = -17148 - -17144. Let i(k) = -23*k - 52. What is i(s)?
40
Let m(o) be the first derivative of -o**4/2 - 2*o**3/3 - 5*o**2/2 - 5*o + 2402. Give m(-2).
13
Let v(d) = -d**3 + 3*d**2 + 6*d + 6. Let i be 53/5 + -3 + 28/70. Suppose 0 = 7*q + i*q - 75. What is v(q)?
-14
Let i = 70 + -67. Let f(b) = -73*b + 6. Let g(u) = 203*u - 16. Let z(c) = 11*f(c) + 4*g(c). Determine z(i).
29
Let p(b) be the first derivative of -3*b**3 - b + 1. Let j be 10/((-4)/(2/(-1))). Suppose 0*w + j*w = -5*y - 10, -5*w - 3*y = 4. Calculate p(w).
-10
Let j(b) = -13 - b + b**3 - 6*b**3 - 5 + 17 - 5*b**2 + 7*b**3. What is j(-2)?
-35
Let t(f) = 8*f + 44. Suppose 5*g - 6*x - 42 + 113 = 0, -27 = 3*g - x. What is t(g)?
-12
Let p = 100 + -45. Suppose 0 = 5*o - 5*r - p, -r = -4*o - 13 + 54. Let l(i) = -11*i + 114. Let f(n) = 15*n - 155. Let z(d) = 8*f(d) + 11*l(d). Give z(o).
4
Let z(d) be the third derivative of d**4/24 - 17*d**3/6 - 10803*d**2. Suppose 0*s - 3*s + 3*c = 21, 3*s = c - 21. Give z(s).
-24
Let a = 128 + -135. Let w(i) = -10*i**3 - 45*i**2 + 49*i - 68. Let t(k) = -3*k**3 - 15*k**2 + 16*k - 22. Let d(s) = a*t(s) + 2*w(s). Determine d(-16).
-14
Suppose 228*o - 234*o = 18, -5*o + 75 = -5*a. Let w(t) = t**2 + 21*t - 13. What is w(a)?
-67
Let v(y) = -7*y**2 - 86*y - 84. Let t(g) = 6*g**2 + 78*g + 81. Let i(n) = -6*t(n) - 5*v(n). What is i(-36)?
6
Let z = 5199 - 5204. Let y(i) = -i**2 - 4*i + 6. Give y(z).
1
Let u = 16 + -14. Let w(x) = -9 - 6*x**u + 21*x - 19*x + 10. Calculate w(-2).
-27
Let t = 28 - 19. Let q(k) = 11*k - 2. Let o be q(1). Let x(b) = b + 0 + 1 - o - 1. Determine x(t).
0
Let g(j) be the second derivative of -3*j**3/2 + 18*j**2 - 504*j - 1. What is g(5)?
-9
Let u = -94 + 41. Let r = u + 59. Suppose -r = -5*s - v, 0 = 5*s - v + 4*v - 8. Let k(z) = -15*z + 1. What is k(s)?
-14
Let v(o) = 6*o**2 - 15*o - 104. Let l be v(-6). Let s(q) = 203 - 4*q - l + q. What is s(-10)?
31
Let t(r) = -r + 13. Suppose -6*k - 2*a - 62 = -2*k, a + 3 = 0. Calculate t(k).
27
Let y(l) = 3*l + 53 + l**2 - 6*l + 64 + 12*l - 100. What is y(-4)?
-3
Let o(k) be the first derivative of -11*k**4/4 - k**3/3 - 3*k**2/2 + 4*k + 9202. Calculate o(1).
-11
Let i(g) = g + 5. Let b = -546 - -544. Determine i(b).
3
Suppose -5*f - 19 = 136*k - 133*k, 0 = k + 3. Let g be -1*2/4*-4. Let x(z) = g - 2*z - 2. Calculate x(f).
4
Let i = -7 + 11. Let c(g) = 2*g**3 - 11*g**2 - 2*g - 1. Let p(f) = 9*f**3 - 50*f**2 - 7*f - 5. Let q(y) = 4*c(y) - p(y). Calculate q(i).
29
Suppose 2*x - 3*w = -26, 682*x - w + 10 = 681*x. Let q(t) = 16*t + 58. Calculate q(x).
-6
Let t(b) = -20*b - 11. Suppose 9*c + 43 = 34. Calculate t(c).
9
Suppose 0 = 11029*z - 11021*z - 64. Let o(y) = -5*y + 44. Calculate o(z).
4
Let g(d) = -d**3 + d. Suppose 5*s + p + 21 = 0, 5*p - 40 = 8*s - 4*s. Let i(o) = -4*o**3 + 5*o**2 + 5*o - 1. Let t(a) = s*g(a) + i(a). What is t(-5)?
-1
Let g(a) = -7*a**2 - 2*a. Let t(f) = f**3 - 8*f**2 + 8*f + 6. Let b be t(8). Suppose 3*r = 2*s - 54, 5*s - 72 - b = 4*r. Let h be 15/(-6)*24/s. Give g(h).
-24
Let s(k) = 2*k - 7. Let p be (-9900)/(-40) + (-1)/(-2). Let b = -239 + p. Give s(b).
11
Let c be 5*1*10/25. Let x(s) = 17*s - 5 - 10*s + 156*s**2 - 155*s**c. What is x(-8)?
3
Let a(x) = 100476 - 4*x - 2*x - 100448. Calculate a(7).
-14
Let n(o) = -o + 56. Let m(